{"id":93,"date":"2026-03-06T15:54:00","date_gmt":"2026-03-06T15:54:00","guid":{"rendered":"https:\/\/dunavskoogledalo.com\/?page_id=93"},"modified":"2026-03-06T17:15:42","modified_gmt":"2026-03-06T17:15:42","slug":"o-autoru","status":"publish","type":"page","link":"https:\/\/dunavskoogledalo.com\/?page_id=93","title":{"rendered":"O autoru"},"content":{"rendered":"<div class=\"wp-block-image\">\n<figure class=\"alignleft size-medium\"><img loading=\"lazy\" decoding=\"async\" width=\"200\" height=\"300\" src=\"https:\/\/dunavskoogledalo.com\/wp-content\/uploads\/2026\/03\/Miroslav-Dunavsko-ogledalo-1-200x300.jpg\" alt=\"\" class=\"wp-image-94\" srcset=\"https:\/\/dunavskoogledalo.com\/wp-content\/uploads\/2026\/03\/Miroslav-Dunavsko-ogledalo-1-200x300.jpg 200w, https:\/\/dunavskoogledalo.com\/wp-content\/uploads\/2026\/03\/Miroslav-Dunavsko-ogledalo-1-683x1024.jpg 683w, https:\/\/dunavskoogledalo.com\/wp-content\/uploads\/2026\/03\/Miroslav-Dunavsko-ogledalo-1-768x1152.jpg 768w, https:\/\/dunavskoogledalo.com\/wp-content\/uploads\/2026\/03\/Miroslav-Dunavsko-ogledalo-1.jpg 1024w\" sizes=\"auto, (max-width: 200px) 100vw, 200px\" \/><\/figure>\n<\/div>\n\n\n<p>Miroslav Lj. Rankovi\u0107<\/p>\n\n\n\n<p>Autor projekta Dunavsko ogledalo<\/p>\n\n\n\n<p>Dugogodi\u0161nji je zaljubljenik u Dunav, Zemun i \u017eivot koji se odvija na obalama beogradskih reka. Fotografijom, slikom i pisanjem bele\u017ei prizore i pri\u010de koje nastaju na vodi i oko nje.<\/p>\n\n\n\n<p>Njegovi tekstovi nastaju iz neposrednog iskustva \u2014 iz \u0161etnji pored reke, dru\u017eenja sa alasima i posmatranja prirode koja i dalje \u017eivi nadomak velikog grada.<\/p>\n\n\n\n<p><\/p>\n","protected":false},"excerpt":{"rendered":"<p>Miroslav Lj. Rankovi\u0107 Autor projekta Dunavsko ogledalo Dugogodi\u0161nji je zaljubljenik u Dunav, Zemun i \u017eivot koji se odvija na obalama beogradskih reka. Fotografijom, slikom i pisanjem bele\u017ei prizore i pri\u010de koje nastaju na vodi i oko nje. Njegovi tekstovi nastaju iz neposrednog iskustva \u2014 iz \u0161etnji pored reke, dru\u017eenja sa alasima i posmatranja prirode koja&#8230;<\/p>\n","protected":false},"author":1,"featured_media":0,"parent":44,"menu_order":0,"comment_status":"closed","ping_status":"closed","template":"","meta":{"_kad_post_transparent":"","_kad_post_title":"","_kad_post_layout":"","_kad_post_sidebar_id":"","_kad_post_content_style":"","_kad_post_vertical_padding":"","_kad_post_feature":"","_kad_post_feature_position":"","_kad_post_header":false,"_kad_post_footer":false,"_kad_post_classname":"","footnotes":""},"class_list":["post-93","page","type-page","status-publish","hentry"],"_links":{"self":[{"href":"https:\/\/dunavskoogledalo.com\/index.php?rest_route=\/wp\/v2\/pages\/93","targetHints":{"allow":["GET"]}}],"collection":[{"href":"https:\/\/dunavskoogledalo.com\/index.php?rest_route=\/wp\/v2\/pages"}],"about":[{"href":"https:\/\/dunavskoogledalo.com\/index.php?rest_route=\/wp\/v2\/types\/page"}],"author":[{"embeddable":true,"href":"https:\/\/dunavskoogledalo.com\/index.php?rest_route=\/wp\/v2\/users\/1"}],"replies":[{"embeddable":true,"href":"https:\/\/dunavskoogledalo.com\/index.php?rest_route=%2Fwp%2Fv2%2Fcomments&post=93"}],"version-history":[{"count":3,"href":"https:\/\/dunavskoogledalo.com\/index.php?rest_route=\/wp\/v2\/pages\/93\/revisions"}],"predecessor-version":[{"id":156,"href":"https:\/\/dunavskoogledalo.com\/index.php?rest_route=\/wp\/v2\/pages\/93\/revisions\/156"}],"up":[{"embeddable":true,"href":"https:\/\/dunavskoogledalo.com\/index.php?rest_route=\/wp\/v2\/pages\/44"}],"wp:attachment":[{"href":"https:\/\/dunavskoogledalo.com\/index.php?rest_route=%2Fwp%2Fv2%2Fmedia&parent=93"}],"curies":[{"name":"wp","href":"https:\/\/api.w.org\/{rel}","templated":true}]}}

<div class="wp-block-image">
<figure class="alignleft size-medium"><img loading="lazy" decoding="async" width="200" height="300" src="https://dunavskoogledalo.com/wp-content/uploads/2026/03/Miroslav-Dunavsko-ogledalo-1-200x300.jpg" alt="" class="wp-image-94" srcset="https://dunavskoogledalo.com/wp-content/uploads/2026/03/Miroslav-Dunavsko-ogledalo-1-200x300.jpg 200w, https://dunavskoogledalo.com/wp-content/uploads/2026/03/Miroslav-Dunavsko-ogledalo-1-683x1024.jpg 683w, https://dunavskoogledalo.com/wp-content/uploads/2026/03/Miroslav-Dunavsko-ogledalo-1-768x1152.jpg 768w, https://dunavskoogledalo.com/wp-content/uploads/2026/03/Miroslav-Dunavsko-ogledalo-1.jpg 1024w" sizes="auto, (max-width: 200px) 100vw, 200px" /></figure>
</div>


<p>Miroslav Lj. Ranković</p>



<p>Autor projekta Dunavsko ogledalo</p>



<p>Dugogodišnji je zaljubljenik u Dunav, Zemun i život koji se odvija na obalama beogradskih reka. Fotografijom, slikom i pisanjem beleži prizore i priče koje nastaju na vodi i oko nje.</p>



<p>Njegovi tekstovi nastaju iz neposrednog iskustva — iz šetnji pored reke, druženja sa alasima i posmatranja prirode koja i dalje živi nadomak velikog grada.</p>



<p></p>

<p>Miroslav Lj. Ranković Autor projekta Dunavsko ogledalo Dugogodišnji je zaljubljenik u Dunav, Zemun i život koji se odvija na obalama beogradskih reka. Fotografijom, slikom i pisanjem beleži prizore i priče koje nastaju na vodi i oko nje. Njegovi tekstovi nastaju iz neposrednog iskustva — iz šetnji pored reke, druženja sa alasima i posmatranja prirode koja&#8230;</p>
